est common divisor of 901 and 71656.
53
What is the greatest common divisor of 2 and 6204?
2
What is the highest common divisor of 20088 and 9300?
372
What is the greatest common divisor of 28 and 13342?
14
What is the greatest common divisor of 2823656 and 968?
968
What is the greatest common divisor of 72 and 110600?
8
What is the greatest common factor of 2077 and 4824?
67
What is the greatest common factor of 87594 and 156?
78
Calculate the greatest common divisor of 18916 and 28.
4
What is the greatest common factor of 1468 and 1048?
4
What is the greatest common factor of 102303 and 972?
243
Calculate the greatest common divisor of 100 and 2489360.
20
What is the highest common divisor of 1790 and 12070?
10
Calculate the greatest common factor of 144221 and 7.
7
What is the highest common factor of 1612 and 9529?
13
What is the greatest common divisor of 8 and 16864?
8
Calculate the highest common divisor of 13760 and 1505.
215
What is the highest common divisor of 262562 and 212?
106
What is the greatest common factor of 35 and 49315?
35
Calculate the highest common divisor of 3496 and 12.
4
What is the greatest common factor of 25681 and 61?
61
What is the greatest common factor of 9801 and 405?
81
What is the greatest common divisor of 1351281 and 447?
447
What is the greatest common factor of 3561460 and 40?
20
Calculate the highest common factor of 30380 and 3844.
124
Calculate the highest common divisor of 3545 and 215.
5
Calculate the greatest common divisor of 1120360 and 5920.
1480
What is the highest common factor of 80 and 56800?
80
Calculate the greatest common divisor of 570341 and 1286.
643
What is the highest common factor of 1185 and 885?
15
Calculate the highest common divisor of 2282717 and 95.
19
Calculate the highest common divisor of 19024 and 183628.
116
Calculate the highest common divisor of 53848 and 24.
8
What is the highest common divisor of 6 and 1994?
2
What is the highest common divisor of 17860 and 1444?
76
What is the highest common factor of 3773 and 187?
11
Calculate the highest common factor of 79505 and 5.
5
What is the greatest common factor of 392 and 29512?
56
Calculate the highest common factor of 23019 and 9.
3
What is the highest common factor of 185192 and 72?
8
What is the greatest common divisor of 205511 and 151?
151
What is the highest common divisor of 80379 and 91?
13
Calculate the greatest common factor of 770679 and 351.
117
Calculate the highest common divisor of 798 and 726712.
266
Calculate the greatest common factor of 520 and 8996.
52
What is the highest common factor of 69368 and 92?
92
What is the greatest common factor of 474 and 29?
1
What is the greatest common factor of 1026710 and 4150?
830
What is the highest common factor of 5356 and 57?
1
Calculate the greatest common divisor of 4488 and 61974.
66
Calculate the highest common factor of 1813 and 490.
49
What is the highest common factor of 684 and 38574?
18
What is the greatest common factor of 180832 and 352?
32
What is the highest common divisor of 1932 and 20412?
84
Calculate the highest common factor of 441 and 17451.
63
Calculate the greatest common factor of 1088 and 1530.
34
Calculate the highest common factor of 5865 and 340.
85
What is the greatest common factor of 308 and 1208284?
308
What is the highest common factor of 48051 and 855?
171
Calculate the highest common factor of 1125315 and 765.
765
What is the highest common factor of 181910 and 20?
10
Calculate the greatest common factor of 17 and 24259.
17
Calculate the highest common factor of 911907 and 45.
9
What is the highest common divisor of 176 and 400496?
16
Calculate the greatest common divisor of 33340 and 20.
20
Calculate the greatest common factor of 70376 and 1064.
152
Calculate the greatest common divisor of 493 and 3103.
29
Calculate the greatest common divisor of 2354 and 98012.
214
Calculate the highest common divisor of 48564 and 55309.
1349
What is the highest common factor of 4 and 12892?
4
Calculate the highest common factor of 669591 and 194.
97
What is the highest common divisor of 50 and 1757650?
50
What is the greatest common factor of 1140 and 155?
5
Calculate the highest common divisor of 14628 and 11546.
46
What is the greatest common divisor of 51547 and 722?
19
Calculate the highest common divisor of 405423 and 18.
9
What is the highest common divisor of 49572 and 3468?
204
What is the highest common divisor of 594 and 11142?
18
Calculate the highest common factor of 7290 and 370.
10
What is the highest common factor of 2616 and 27?
3
What is the greatest common divisor of 21792 and 168?
24
What is the highest common divisor of 77953 and 1707?
569
What is the highest common divisor of 69888 and 6048?
672
What is the highest common factor of 78 and 8974758?
78
Calculate the greatest common divisor of 18569 and 3379.
31
What is the greatest common factor of 32004 and 1008?
252
What is the highest common factor of 39758 and 7725?
103
Calculate the greatest common factor of 399 and 626178.
21
What is the highest common divisor of 343 and 9051?
7
Calculate the highest common divisor of 994 and 14119.
7
Calculate the greatest common factor of 384269 and 398.
199
What is the greatest common divisor of 164436 and 24140?
284
What is the highest common factor of 10956 and 3564?
132
Calculate the highest common divisor of 1998 and 5400.
54
What is the greatest common factor of 95 and 6973?
19
What is the greatest common divisor of 335 and 379220?
335
What is the greatest common divisor of 310619 and 812?
29
What is the greatest common divisor of 522 and 262026?
18
Calculate the highest common factor of 446412 and 120.
12
Calculate the greatest common divisor of 1001 and 121849.
91
What is the greatest common divisor of 1169 and 9853?
167
Calculate the greatest common divisor of 4236687 and 84.
21
What is the highest common factor of 76297 and 13?
13
What is the greatest common factor of 3330 and 2421?
9
Calculate the highest common divisor of 642963 and 107.
107
Calculate the greatest common divisor of 12 and 1781406.
6
Calculate the greatest common divisor of 1368 and 96786.
342
What is the greatest common factor of 1016 and 984?
8
Calculate the highest common divisor of 9393 and 465.
93
Calculate the highest common factor of 5040 and 448.
112
Calculate the greatest common divisor of 2461 and 15111.
23
What is the greatest common divisor of 50028 and 2816?
44
What is the greatest common factor of 910349 and 11?
11
What is the highest common factor of 124 and 1533043?
31
What is the highest common divisor of 552 and 517416?
24
What is the highest common divisor of 721 and 75602?
103
Calculate the highest common divisor of 8590 and 830.
10
Calculate the highest common divisor of 83049 and 19.
19
What is the greatest common factor of 323 and 93211?
17
What is the greatest common divisor of 18 and 1592361?
9
What is the greatest common factor of 49894 and 2020?
202
Calculate the highest common factor of 2928 and 12261.
183
What is the highest common divisor of 17592 and 36?
12
Calculate the highest common divisor of 293948 and 688.
172
Calculate the greatest common factor of 263679 and 39.
39
What is the highest common factor of 5847 and 4632773?
1949
Calculate the highest common divisor of 195 and 2180.
5
What is the highest common factor of 548126 and 954?
106
Calculate the highest common divisor of 560 and 224140.
140
Calculate the greatest common divisor of 6972 and 38052.
84
Calculate the greatest common factor of 2410 and 390.
10
What is the highest common factor of 196856 and 88?
88
What is the highest common factor of 17 and 360757?
17
What is the greatest common factor of 537 and 3711207?
537
What is the highest common divisor of 28 and 6699?
7
What is the highest common factor of 4065 and 2505?
15
Calculate the greatest common divisor of 352 and 729952.
32
What is the greatest common divisor of 2 and 37986?
2
Calculate the greatest common factor of 27 and 279891.
9
Calculate the greatest common divisor of 720 and 1818.
18
Calculate the greatest common divisor of 3213 and 95625.
153
What is the highest common factor of 1333 and 4343?
43
What is the highest common factor of 459953 and 13?
13
What is the highest common divisor of 18 